{"id":4428,"date":"2025-12-03T22:23:59","date_gmt":"2025-12-03T22:23:59","guid":{"rendered":"https:\/\/petrolera.umsa.edu.bo\/?page_id=4428"},"modified":"2026-02-28T18:03:15","modified_gmt":"2026-02-28T22:03:15","slug":"maestria-en-ingenieria-de-energia-y-desarrollo-sostenible","status":"publish","type":"page","link":"https:\/\/petrolera.umsa.edu.bo\/index.php\/maestria-en-ingenieria-de-energia-y-desarrollo-sostenible\/","title":{"rendered":"maestria en ingenieria de energia y desarrollo sostenible"},"content":{"rendered":"\t\t<div data-elementor-type=\"wp-page\" data-elementor-id=\"4428\" class=\"elementor elementor-4428\" data-elementor-post-type=\"page\">\n\t\t\t\t<div class=\"elementor-element elementor-element-b00d6ca e-flex e-con-boxed e-con e-parent\" data-id=\"b00d6ca\" data-element_type=\"container\" data-e-type=\"container\" data-settings=\"{&quot;background_background&quot;:&quot;classic&quot;}\">\n\t\t\t\t\t<div class=\"e-con-inner\">\n\t\t\t\t<div class=\"elementor-element elementor-element-75eeb84 elementor-invisible elementor-widget elementor-widget-heading\" data-id=\"75eeb84\" data-element_type=\"widget\" data-e-type=\"widget\" data-settings=\"{&quot;_animation&quot;:&quot;slideInUp&quot;}\" data-widget_type=\"heading.default\">\n\t\t\t\t<div class=\"elementor-widget-container\">\n\t\t\t\t\t<h2 class=\"elementor-heading-title elementor-size-default\">MAESTRIA EN INGENIERIA DE ENERGIA Y DESARROLLO SOSTENIBLE<\/h2>\t\t\t\t<\/div>\n\t\t\t\t<\/div>\n\t\t\t\t\t<\/div>\n\t\t\t\t<\/div>\n\t\t<div class=\"elementor-element elementor-element-59fe5df e-flex e-con-boxed e-con e-parent\" data-id=\"59fe5df\" data-element_type=\"container\" data-e-type=\"container\" data-settings=\"{&quot;background_background&quot;:&quot;classic&quot;}\">\n\t\t\t\t\t<div class=\"e-con-inner\">\n\t\t<div class=\"elementor-element elementor-element-ee9f1c2 e-con-full e-flex e-con e-child\" data-id=\"ee9f1c2\" data-element_type=\"container\" data-e-type=\"container\">\n\t\t\t\t<div class=\"elementor-element elementor-element-e1d5ced elementor-widget elementor-widget-heading\" data-id=\"e1d5ced\" data-element_type=\"widget\" data-e-type=\"widget\" data-widget_type=\"heading.default\">\n\t\t\t\t<div class=\"elementor-widget-container\">\n\t\t\t\t\t<h2 class=\"elementor-heading-title elementor-size-default\">MISI\u00d3N DEL PROGRAMA<\/h2>\t\t\t\t<\/div>\n\t\t\t\t<\/div>\n\t\t\t\t<div class=\"elementor-element elementor-element-005c07b elementor-widget elementor-widget-text-editor\" data-id=\"005c07b\" data-element_type=\"widget\" data-e-type=\"widget\" data-widget_type=\"text-editor.default\">\n\t\t\t\t<div class=\"elementor-widget-container\">\n\t\t\t\t\t\t\t\t\t<p>El programa de Maestr\u00eda en Ingenier\u00eda de la Energ\u00eda y el desarrollo pretende fomentar entre los cursantes una mentalidad sensible y rigurosamente fundamentada sobre el concepto general de energ\u00eda y sociedad, y su interrelaci\u00f3n para alcanzar la sostenibilidad, desarrollando competencias en las \u00e1reas de energ\u00edas alternativas, gesti\u00f3n energ\u00e9tica, cambio clim\u00e1tico, sociedad y desarrollo.<\/p><p>Al finalizar con \u00e9xito el programa el cursante podr\u00e1 acceder a nuevos y diferentes campos profesionales, como el desarrollo tecnol\u00f3gico de energ\u00edas alternativas, la gesti\u00f3n, planificaci\u00f3n y certificaci\u00f3n de la sostenibilidad energ\u00e9tica, o el an\u00e1lisis de los impactos socioecon\u00f3micos y medioambientales de la energ\u00eda, con la posibilidad de la integraci\u00f3n de otras energ\u00edas de cara a garantizar la sostenibilidad en el uso de la energ\u00eda.<\/p>\t\t\t\t\t\t\t\t<\/div>\n\t\t\t\t<\/div>\n\t\t\t\t<div class=\"elementor-element elementor-element-44ef337 elementor-widget elementor-widget-heading\" data-id=\"44ef337\" data-element_type=\"widget\" data-e-type=\"widget\" data-widget_type=\"heading.default\">\n\t\t\t\t<div class=\"elementor-widget-container\">\n\t\t\t\t\t<h2 class=\"elementor-heading-title elementor-size-default\">OBJETIVO GENERAL<\/h2>\t\t\t\t<\/div>\n\t\t\t\t<\/div>\n\t\t\t\t<div class=\"elementor-element elementor-element-687b0f0 elementor-widget elementor-widget-text-editor\" data-id=\"687b0f0\" data-element_type=\"widget\" data-e-type=\"widget\" data-widget_type=\"text-editor.default\">\n\t\t\t\t<div class=\"elementor-widget-container\">\n\t\t\t\t\t\t\t\t\t<p>El objetivo del programa de Maestr\u00eda en Ingenier\u00eda de Energ\u00eda y Desarrollo Sostenible es la formaci\u00f3n de ingenieros especialistas en diferentes campos profesionales como la gesti\u00f3n, la planificaci\u00f3n y la certificaci\u00f3n de la sostenibilidad energ\u00e9tica, as\u00ed como en los m\u00e1s innovadores desarrollos tecnol\u00f3gicos de la bioenerg\u00eda y del resto de energ\u00edas renovables<strong>.<\/strong><\/p><p>Desarrollar conocimientos en los profesionales que les permita la evaluaci\u00f3n y aprovechamiento de los recursos energ\u00e9ticos renovables orientados a procesos y servicios sustentables dentro de la energ\u00eda solar, e\u00f3lica, biomasa e hidr\u00e1ulicas con un enfoque de responsabilidad colectiva y social.<\/p>\t\t\t\t\t\t\t\t<\/div>\n\t\t\t\t<\/div>\n\t\t\t\t<\/div>\n\t\t<div class=\"elementor-element elementor-element-601253a e-con-full e-flex e-con e-child\" data-id=\"601253a\" data-element_type=\"container\" data-e-type=\"container\">\n\t\t\t\t<div class=\"elementor-element elementor-element-06f21d1 elementor-widget elementor-widget-image\" data-id=\"06f21d1\" data-element_type=\"widget\" data-e-type=\"widget\" data-widget_type=\"image.default\">\n\t\t\t\t<div class=\"elementor-widget-container\">\n\t\t\t\t\t\t\t\t\t\t\t\t\t\t\t<img decoding=\"async\" src=\"https:\/\/petrolera.umsa.edu.bo\/wp-content\/uploads\/2025\/08\/IMG_2326-e1764800981529.png\" title=\"\" alt=\"\" loading=\"lazy\" \/>\t\t\t\t\t\t\t\t\t\t\t\t\t\t\t<\/div>\n\t\t\t\t<\/div>\n\t\t\t\t<\/div>\n\t\t\t\t\t<\/div>\n\t\t\t\t<\/div>\n\t\t<div class=\"elementor-element elementor-element-3487c8c e-flex e-con-boxed e-con e-parent\" data-id=\"3487c8c\" data-element_type=\"container\" data-e-type=\"container\" data-settings=\"{&quot;background_background&quot;:&quot;classic&quot;}\">\n\t\t\t\t\t<div class=\"e-con-inner\">\n\t\t<div class=\"elementor-element elementor-element-c4983db e-con-full e-flex e-con e-child\" data-id=\"c4983db\" data-element_type=\"container\" data-e-type=\"container\">\n\t\t\t\t<div class=\"elementor-element elementor-element-5a08b95 elementor-align-center elementor-widget elementor-widget-button\" data-id=\"5a08b95\" data-element_type=\"widget\" data-e-type=\"widget\" data-widget_type=\"button.default\">\n\t\t\t\t<div class=\"elementor-widget-container\">\n\t\t\t\t\t\t\t\t\t<div class=\"elementor-button-wrapper\">\n\t\t\t\t\t<a class=\"elementor-button elementor-button-link elementor-size-sm\" href=\"https:\/\/petrolera.umsa.edu.bo\/index.php\/plan-de-estudios-posgrado\/\">\n\t\t\t\t\t\t<span class=\"elementor-button-content-wrapper\">\n\t\t\t\t\t\t\t\t\t<span class=\"elementor-button-text\">Ver Plan de Estudios<\/span>\n\t\t\t\t\t<\/span>\n\t\t\t\t\t<\/a>\n\t\t\t\t<\/div>\n\t\t\t\t\t\t\t\t<\/div>\n\t\t\t\t<\/div>\n\t\t\t\t<div class=\"elementor-element elementor-element-4180f28 elementor-align-center elementor-widget elementor-widget-button\" data-id=\"4180f28\" data-element_type=\"widget\" data-e-type=\"widget\" data-widget_type=\"button.default\">\n\t\t\t\t<div class=\"elementor-widget-container\">\n\t\t\t\t\t\t\t\t\t<div class=\"elementor-button-wrapper\">\n\t\t\t\t\t<a class=\"elementor-button elementor-button-link elementor-size-sm\" href=\"https:\/\/petrolera.umsa.edu.bo\/index.php\/horarios\/\">\n\t\t\t\t\t\t<span class=\"elementor-button-content-wrapper\">\n\t\t\t\t\t\t\t\t\t<span class=\"elementor-button-text\">Ver Horarios<\/span>\n\t\t\t\t\t<\/span>\n\t\t\t\t\t<\/a>\n\t\t\t\t<\/div>\n\t\t\t\t\t\t\t\t<\/div>\n\t\t\t\t<\/div>\n\t\t\t\t<\/div>\n\t\t\t\t\t<\/div>\n\t\t\t\t<\/div>\n\t\t<div class=\"elementor-element elementor-element-d5c9b39 e-flex e-con-boxed e-con e-parent\" data-id=\"d5c9b39\" data-element_type=\"container\" data-e-type=\"container\" data-settings=\"{&quot;background_background&quot;:&quot;classic&quot;}\">\n\t\t\t\t\t<div class=\"e-con-inner\">\n\t\t\t\t<div class=\"elementor-element elementor-element-12424dd elementor-widget elementor-widget-heading\" data-id=\"12424dd\" data-element_type=\"widget\" data-e-type=\"widget\" data-widget_type=\"heading.default\">\n\t\t\t\t<div class=\"elementor-widget-container\">\n\t\t\t\t\t<h2 class=\"elementor-heading-title elementor-size-default\">Perfil del Postgraduado<\/h2>\t\t\t\t<\/div>\n\t\t\t\t<\/div>\n\t\t\t\t<div class=\"elementor-element elementor-element-b7e9781 elementor-widget elementor-widget-text-editor\" data-id=\"b7e9781\" data-element_type=\"widget\" data-e-type=\"widget\" data-widget_type=\"text-editor.default\">\n\t\t\t\t<div class=\"elementor-widget-container\">\n\t\t\t\t\t\t\t\t\t<p>El profesional titulado de la maestr\u00eda mencionada, ser\u00e1 un profesional capaz de integrar los conocimientos te\u00f3ricos y pr\u00e1cticos de las nuevas tecnolog\u00edas de energ\u00eda alternativa, cambio clim\u00e1tico y desarrollo sostenible. Finalmente, el profesional en la Maestr\u00eda en Ingenier\u00eda de la Energ\u00eda y el Desarrollo tendr\u00e1 oportunidad de recibir destrezas y habilidades en todo lo que respecta a biorrefiner\u00edas, sistemas de gesti\u00f3n de la energ\u00eda y alternativas para mitigar el cambio clim\u00e1tico.<\/p><p>El perfil de egreso son las capacidades, conocimientos y habilidades que el postulante debe haber adquirido al concluir el programa, es as\u00ed que el post graduado debe poseer y comprender conocimientos que aporten una base u oportunidad de ser originales en el desarrollo y\/o aplicaci\u00f3n de ideas, a menudo en un contexto de investigaci\u00f3n en temas de energ\u00eda y desarrollo.<\/p><p>Que los estudiantes sepan aplicar los conocimientos adquiridos y su capacidad de resoluci\u00f3n de problemas en entornos nuevos o poco conocidos dentro de contextos m\u00e1s amplios (o multidisciplinares) relacionados con su \u00e1rea de estudio.<\/p><p>Que los estudiantes sean capaces de integrar conocimientos y enfrentarse a la complejidad de formular juicios a partir de una informaci\u00f3n que, siendo incompleta o limitada, incluya reflexiones sobre las responsabilidades sociales y \u00e9ticas vinculadas a la aplicaci\u00f3n de sus conocimientos y juicios.<\/p><p>Que los estudiantes sepan comunicar sus conclusiones y los conocimientos y razones \u00faltimas que las sustentan a p\u00fablicos especializados y no especializados de un modo claro y sin ambig\u00fcedades.<\/p><p>Que los estudiantes posean las habilidades de aprendizaje que les permitan continuar estudiando de un modo que habr\u00e1 de ser en gran medida auto dirigido o aut\u00f3nomo.<\/p><p>Al finalizar el programa de maestr\u00eda, el titulado tendr\u00e1 el siguiente perfil:<\/p><ol><li>Poseer\u00e1 una base s\u00f3lida de conocimientos te\u00f3ricos, metodol\u00f3gicos y de an\u00e1lisis de la generaci\u00f3n de energ\u00eda eficiente por medio de energ\u00edas alternativas.<\/li><li>Manejar\u00e1 herramientas b\u00e1sicas para el diagn\u00f3stico t\u00e9cnico \u2013 econ\u00f3mico, y preparar nuevos proyectos en la distribuci\u00f3n eficiente de la energ\u00eda.<\/li><li>Habr\u00e1 adquirido el h\u00e1bito y la habilidad para pensar reflexivamente y las habilidades para interpretar datos y resolver problemas.<\/li><li>Estar\u00e1 preparado para participar en equipos interdisciplinarios, aportando los conocimientos de su disciplina, para la generaci\u00f3n de informaci\u00f3n que sustente la generaci\u00f3n y el uso eficiente de la energ\u00eda.<\/li><li>Estar\u00e1 preparado para participar y asumir posiciones de liderazgo, en diversos sectores de la sociedad, y apoyando la toma de decisiones t\u00e9cnicas en temas relacionados con procesos.<\/li><\/ol>\t\t\t\t\t\t\t\t<\/div>\n\t\t\t\t<\/div>\n\t\t\t\t\t<\/div>\n\t\t\t\t<\/div>\n\t\t<div class=\"elementor-element elementor-element-b6e5453 e-flex e-con-boxed e-con e-parent\" data-id=\"b6e5453\" data-element_type=\"container\" data-e-type=\"container\">\n\t\t\t\t\t<div class=\"e-con-inner\">\n\t\t\t\t\t<\/div>\n\t\t\t\t<\/div>\n\t\t<div class=\"elementor-element elementor-element-9b82bc9 e-flex e-con-boxed e-con e-parent\" data-id=\"9b82bc9\" data-element_type=\"container\" data-e-type=\"container\">\n\t\t\t\t\t<div class=\"e-con-inner\">\n\t\t\t\t<div class=\"elementor-element elementor-element-f1593e4 elementor-widget elementor-widget-spacer\" data-id=\"f1593e4\" data-element_type=\"widget\" data-e-type=\"widget\" data-widget_type=\"spacer.default\">\n\t\t\t\t<div class=\"elementor-widget-container\">\n\t\t\t\t\t\t\t<div class=\"elementor-spacer\">\n\t\t\t<div class=\"elementor-spacer-inner\"><\/div>\n\t\t<\/div>\n\t\t\t\t\t\t<\/div>\n\t\t\t\t<\/div>\n\t\t\t\t\t<\/div>\n\t\t\t\t<\/div>\n\t\t\t\t<\/div>\n\t\t","protected":false},"excerpt":{"rendered":"<p>MAESTRIA EN INGENIERIA DE ENERGIA Y DESARROLLO SOSTENIBLE MISI\u00d3N DEL PROGRAMA El programa de Maestr\u00eda en Ingenier\u00eda de la Energ\u00eda [&hellip;]<\/p>\n","protected":false},"author":4,"featured_media":0,"parent":0,"menu_order":0,"comment_status":"closed","ping_status":"closed","template":"","meta":{"site-sidebar-layout":"no-sidebar","site-content-layout":"","ast-site-content-layout":"full-width-container","site-content-style":"default","site-sidebar-style":"default","ast-global-header-display":"","ast-banner-title-visibility":"","ast-main-header-display":"","ast-hfb-above-header-display":"","ast-hfb-below-header-display":"","ast-hfb-mobile-header-display":"","site-post-title":"disabled","ast-breadcrumbs-content":"","ast-featured-img":"disabled","footer-sml-layout":"","ast-disable-related-posts":"","theme-transparent-header-meta":"","adv-header-id-meta":"","stick-header-meta":"","header-above-stick-meta":"","header-main-stick-meta":"","header-below-stick-meta":"","astra-migrate-meta-layouts":"default","ast-page-background-enabled":"default","ast-page-background-meta":{"desktop":{"background-color":"var(--ast-global-color-4)","background-image":"","background-repeat":"repeat","background-position":"center center","background-size":"auto","background-attachment":"scroll","background-type":"","background-media":"","overlay-type":"","overlay-color":"","overlay-opacity":"","overlay-gradient":""},"tablet":{"background-color":"","background-image":"","background-repeat":"repeat","background-position":"center center","background-size":"auto","background-attachment":"scroll","background-type":"","background-media":"","overlay-type":"","overlay-color":"","overlay-opacity":"","overlay-gradient":""},"mobile":{"background-color":"","background-image":"","background-repeat":"repeat","background-position":"center center","background-size":"auto","background-attachment":"scroll","background-type":"","background-media":"","overlay-type":"","overlay-color":"","overlay-opacity":"","overlay-gradient":""}},"ast-content-background-meta":{"desktop":{"background-color":"var(--ast-global-color-5)","background-image":"","background-repeat":"repeat","background-position":"center center","background-size":"auto","background-attachment":"scroll","background-type":"","background-media":"","overlay-type":"","overlay-color":"","overlay-opacity":"","overlay-gradient":""},"tablet":{"background-color":"var(--ast-global-color-5)","background-image":"","background-repeat":"repeat","background-position":"center center","background-size":"auto","background-attachment":"scroll","background-type":"","background-media":"","overlay-type":"","overlay-color":"","overlay-opacity":"","overlay-gradient":""},"mobile":{"background-color":"var(--ast-global-color-5)","background-image":"","background-repeat":"repeat","background-position":"center center","background-size":"auto","background-attachment":"scroll","background-type":"","background-media":"","overlay-type":"","overlay-color":"","overlay-opacity":"","overlay-gradient":""}},"footnotes":""},"class_list":["post-4428","page","type-page","status-publish","hentry"],"_links":{"self":[{"href":"https:\/\/petrolera.umsa.edu.bo\/index.php\/wp-json\/wp\/v2\/pages\/4428","targetHints":{"allow":["GET"]}}],"collection":[{"href":"https:\/\/petrolera.umsa.edu.bo\/index.php\/wp-json\/wp\/v2\/pages"}],"about":[{"href":"https:\/\/petrolera.umsa.edu.bo\/index.php\/wp-json\/wp\/v2\/types\/page"}],"author":[{"embeddable":true,"href":"https:\/\/petrolera.umsa.edu.bo\/index.php\/wp-json\/wp\/v2\/users\/4"}],"replies":[{"embeddable":true,"href":"https:\/\/petrolera.umsa.edu.bo\/index.php\/wp-json\/wp\/v2\/comments?post=4428"}],"version-history":[{"count":46,"href":"https:\/\/petrolera.umsa.edu.bo\/index.php\/wp-json\/wp\/v2\/pages\/4428\/revisions"}],"predecessor-version":[{"id":10092,"href":"https:\/\/petrolera.umsa.edu.bo\/index.php\/wp-json\/wp\/v2\/pages\/4428\/revisions\/10092"}],"wp:attachment":[{"href":"https:\/\/petrolera.umsa.edu.bo\/index.php\/wp-json\/wp\/v2\/media?parent=4428"}],"curies":[{"name":"wp","href":"https:\/\/api.w.org\/{rel}","templated":true}]}}