{"id":4324,"date":"2025-12-03T15:05:34","date_gmt":"2025-12-03T15:05:34","guid":{"rendered":"https:\/\/petrolera.umsa.edu.bo\/?page_id=4324"},"modified":"2026-02-06T20:59:16","modified_gmt":"2026-02-07T00:59:16","slug":"actividades","status":"publish","type":"page","link":"https:\/\/petrolera.umsa.edu.bo\/index.php\/actividades\/","title":{"rendered":"Actividades"},"content":{"rendered":"\t\t<div data-elementor-type=\"wp-page\" data-elementor-id=\"4324\" class=\"elementor elementor-4324\" data-elementor-post-type=\"page\">\n\t\t\t\t<div class=\"elementor-element elementor-element-b00d6ca e-flex e-con-boxed e-con e-parent\" data-id=\"b00d6ca\" data-element_type=\"container\" data-e-type=\"container\" data-settings=\"{&quot;background_background&quot;:&quot;slideshow&quot;,&quot;background_slideshow_gallery&quot;:[{&quot;id&quot;:81,&quot;url&quot;:&quot;https:\\\/\\\/petrolera.umsa.edu.bo\\\/wp-content\\\/uploads\\\/2024\\\/12\\\/IMG-20241202-WA0074.jpg&quot;}],&quot;background_slideshow_ken_burns&quot;:&quot;yes&quot;,&quot;background_slideshow_loop&quot;:&quot;yes&quot;,&quot;background_slideshow_slide_duration&quot;:5000,&quot;background_slideshow_slide_transition&quot;:&quot;fade&quot;,&quot;background_slideshow_transition_duration&quot;:500,&quot;background_slideshow_ken_burns_zoom_direction&quot;:&quot;in&quot;}\">\n\t\t\t\t\t<div class=\"e-con-inner\">\n\t\t\t\t<div class=\"elementor-element elementor-element-75eeb84 elementor-invisible elementor-widget elementor-widget-heading\" data-id=\"75eeb84\" data-element_type=\"widget\" data-e-type=\"widget\" data-settings=\"{&quot;_animation&quot;:&quot;slideInUp&quot;}\" data-widget_type=\"heading.default\">\n\t\t\t\t<div class=\"elementor-widget-container\">\n\t\t\t\t\t<h2 class=\"elementor-heading-title elementor-size-default\">ACTIVIDADES<\/h2>\t\t\t\t<\/div>\n\t\t\t\t<\/div>\n\t\t\t\t\t<\/div>\n\t\t\t\t<\/div>\n\t\t<div class=\"elementor-element elementor-element-69fbb16 e-flex e-con-boxed e-con e-parent\" data-id=\"69fbb16\" data-element_type=\"container\" data-e-type=\"container\">\n\t\t\t\t\t<div class=\"e-con-inner\">\n\t\t\t\t<div class=\"elementor-element elementor-element-d471146 elementor-widget elementor-widget-heading\" data-id=\"d471146\" data-element_type=\"widget\" data-e-type=\"widget\" data-widget_type=\"heading.default\">\n\t\t\t\t<div class=\"elementor-widget-container\">\n\t\t\t\t\t<h2 class=\"elementor-heading-title elementor-size-default\">Avanza la construcci\u00f3n del centro de investigaci\u00f3n del INSPET<\/h2>\t\t\t\t<\/div>\n\t\t\t\t<\/div>\n\t\t\t\t\t<\/div>\n\t\t\t\t<\/div>\n\t\t<div class=\"elementor-element elementor-element-5811bb8 e-flex e-con-boxed e-con e-parent\" data-id=\"5811bb8\" data-element_type=\"container\" data-e-type=\"container\">\n\t\t\t\t\t<div class=\"e-con-inner\">\n\t\t<div class=\"elementor-element elementor-element-53dc5ed e-con-full e-flex e-con e-child\" data-id=\"53dc5ed\" data-element_type=\"container\" data-e-type=\"container\">\n\t\t\t\t<div class=\"elementor-element elementor-element-dad6e49 elementor-widget elementor-widget-text-editor\" data-id=\"dad6e49\" data-element_type=\"widget\" data-e-type=\"widget\" data-widget_type=\"text-editor.default\">\n\t\t\t\t<div class=\"elementor-widget-container\">\n\t\t\t\t\t\t\t\t\t<p>La construcci\u00f3n de los nuevos ambientes destinados al Centro de Investigaci\u00f3n del Instituto de Ingenier\u00eda Petrolera (INSPET) registra un avance aproximado del 35%. El proyecto, inaugurado el pasado 12 de septiembre de 2025 por el director de carrera, Ing. Marco Antonio Montesinos, se consolida como uno de los hitos m\u00e1s importantes para el fortalecimiento acad\u00e9mico y cient\u00edfico de la instituci\u00f3n.<\/p><p>A la fecha, se han concluido los trabajos de armado de paredes con fierros y drywall, adem\u00e1s de la instalaci\u00f3n de techos y pisos. En las siguientes fases se prev\u00e9 la incorporaci\u00f3n de instalaciones t\u00e9cnicas, acabados y equipamiento especializado para laboratorios de investigaci\u00f3n.<\/p><p>Este avance refleja el compromiso del INSPET con la innovaci\u00f3n y la formaci\u00f3n de profesionales altamente capacitados, respondiendo a las demandas del sector energ\u00e9tico y al desarrollo tecnol\u00f3gico del pa\u00eds.<\/p>\t\t\t\t\t\t\t\t<\/div>\n\t\t\t\t<\/div>\n\t\t\t\t<\/div>\n\t\t<div class=\"elementor-element elementor-element-c2522b9 e-con-full e-flex e-con e-child\" data-id=\"c2522b9\" data-element_type=\"container\" data-e-type=\"container\">\n\t\t\t\t<div class=\"elementor-element elementor-element-3cfd640 elementor-widget elementor-widget-image\" data-id=\"3cfd640\" data-element_type=\"widget\" data-e-type=\"widget\" data-widget_type=\"image.default\">\n\t\t\t\t<div class=\"elementor-widget-container\">\n\t\t\t\t\t\t\t\t\t\t\t\t\t\t\t\t<a href=\"https:\/\/petrolera.umsa.edu.bo\/wp-content\/uploads\/2025\/12\/IMG_3194-scaled.png\" data-elementor-open-lightbox=\"yes\" data-elementor-lightbox-title=\"IMG_3194\" data-e-action-hash=\"#elementor-action%3Aaction%3Dlightbox%26settings%3DeyJpZCI6NDMzMSwidXJsIjoiaHR0cHM6XC9cL3BldHJvbGVyYS51bXNhLmVkdS5ib1wvd3AtY29udGVudFwvdXBsb2Fkc1wvMjAyNVwvMTJcL0lNR18zMTk0LXNjYWxlZC5wbmcifQ%3D%3D\">\n\t\t\t\t\t\t\t<img fetchpriority=\"high\" decoding=\"async\" width=\"1024\" height=\"768\" src=\"https:\/\/petrolera.umsa.edu.bo\/wp-content\/uploads\/2025\/12\/IMG_3194-1024x768.png\" class=\"attachment-large size-large wp-image-4331\" alt=\"\" srcset=\"https:\/\/petrolera.umsa.edu.bo\/wp-content\/uploads\/2025\/12\/IMG_3194-1024x768.png 1024w, https:\/\/petrolera.umsa.edu.bo\/wp-content\/uploads\/2025\/12\/IMG_3194-300x225.png 300w, https:\/\/petrolera.umsa.edu.bo\/wp-content\/uploads\/2025\/12\/IMG_3194-768x576.png 768w, https:\/\/petrolera.umsa.edu.bo\/wp-content\/uploads\/2025\/12\/IMG_3194-1536x1152.png 1536w, https:\/\/petrolera.umsa.edu.bo\/wp-content\/uploads\/2025\/12\/IMG_3194-2048x1536.png 2048w\" sizes=\"(max-width: 1024px) 100vw, 1024px\" \/>\t\t\t\t\t\t\t\t<\/a>\n\t\t\t\t\t\t\t\t\t\t\t\t\t\t\t<\/div>\n\t\t\t\t<\/div>\n\t\t\t\t<\/div>\n\t\t\t\t\t<\/div>\n\t\t\t\t<\/div>\n\t\t\t\t<\/div>\n\t\t","protected":false},"excerpt":{"rendered":"<p>ACTIVIDADES Avanza la construcci\u00f3n del centro de investigaci\u00f3n del INSPET La construcci\u00f3n de los nuevos ambientes destinados al Centro de [&hellip;]<\/p>\n","protected":false},"author":4,"featured_media":0,"parent":0,"menu_order":0,"comment_status":"closed","ping_status":"closed","template":"","meta":{"site-sidebar-layout":"no-sidebar","site-content-layout":"","ast-site-content-layout":"full-width-container","site-content-style":"default","site-sidebar-style":"default","ast-global-header-display":"","ast-banner-title-visibility":"","ast-main-header-display":"","ast-hfb-above-header-display":"","ast-hfb-below-header-display":"","ast-hfb-mobile-header-display":"","site-post-title":"","ast-breadcrumbs-content":"","ast-featured-img":"disabled","footer-sml-layout":"","ast-disable-related-posts":"","theme-transparent-header-meta":"","adv-header-id-meta":"","stick-header-meta":"","header-above-stick-meta":"","header-main-stick-meta":"","header-below-stick-meta":"","astra-migrate-meta-layouts":"default","ast-page-background-enabled":"default","ast-page-background-meta":{"desktop":{"background-color":"var(--ast-global-color-4)","background-image":"","background-repeat":"repeat","background-position":"center center","background-size":"auto","background-attachment":"scroll","background-type":"","background-media":"","overlay-type":"","overlay-color":"","overlay-opacity":"","overlay-gradient":""},"tablet":{"background-color":"","background-image":"","background-repeat":"repeat","background-position":"center center","background-size":"auto","background-attachment":"scroll","background-type":"","background-media":"","overlay-type":"","overlay-color":"","overlay-opacity":"","overlay-gradient":""},"mobile":{"background-color":"","background-image":"","background-repeat":"repeat","background-position":"center center","background-size":"auto","background-attachment":"scroll","background-type":"","background-media":"","overlay-type":"","overlay-color":"","overlay-opacity":"","overlay-gradient":""}},"ast-content-background-meta":{"desktop":{"background-color":"var(--ast-global-color-5)","background-image":"","background-repeat":"repeat","background-position":"center center","background-size":"auto","background-attachment":"scroll","background-type":"","background-media":"","overlay-type":"","overlay-color":"","overlay-opacity":"","overlay-gradient":""},"tablet":{"background-color":"var(--ast-global-color-5)","background-image":"","background-repeat":"repeat","background-position":"center center","background-size":"auto","background-attachment":"scroll","background-type":"","background-media":"","overlay-type":"","overlay-color":"","overlay-opacity":"","overlay-gradient":""},"mobile":{"background-color":"var(--ast-global-color-5)","background-image":"","background-repeat":"repeat","background-position":"center center","background-size":"auto","background-attachment":"scroll","background-type":"","background-media":"","overlay-type":"","overlay-color":"","overlay-opacity":"","overlay-gradient":""}},"footnotes":""},"class_list":["post-4324","page","type-page","status-publish","hentry"],"_links":{"self":[{"href":"https:\/\/petrolera.umsa.edu.bo\/index.php\/wp-json\/wp\/v2\/pages\/4324","targetHints":{"allow":["GET"]}}],"collection":[{"href":"https:\/\/petrolera.umsa.edu.bo\/index.php\/wp-json\/wp\/v2\/pages"}],"about":[{"href":"https:\/\/petrolera.umsa.edu.bo\/index.php\/wp-json\/wp\/v2\/types\/page"}],"author":[{"embeddable":true,"href":"https:\/\/petrolera.umsa.edu.bo\/index.php\/wp-json\/wp\/v2\/users\/4"}],"replies":[{"embeddable":true,"href":"https:\/\/petrolera.umsa.edu.bo\/index.php\/wp-json\/wp\/v2\/comments?post=4324"}],"version-history":[{"count":13,"href":"https:\/\/petrolera.umsa.edu.bo\/index.php\/wp-json\/wp\/v2\/pages\/4324\/revisions"}],"predecessor-version":[{"id":7034,"href":"https:\/\/petrolera.umsa.edu.bo\/index.php\/wp-json\/wp\/v2\/pages\/4324\/revisions\/7034"}],"wp:attachment":[{"href":"https:\/\/petrolera.umsa.edu.bo\/index.php\/wp-json\/wp\/v2\/media?parent=4324"}],"curies":[{"name":"wp","href":"https:\/\/api.w.org\/{rel}","templated":true}]}}